{"id":5,"date":"2020-04-12T13:16:37","date_gmt":"2020-04-12T11:16:37","guid":{"rendered":"http:\/\/mertens-home.net\/birgit\/var1\/wordpress\/index.php\/impressum\/"},"modified":"2020-04-13T12:29:14","modified_gmt":"2020-04-13T10:29:14","slug":"impressum","status":"publish","type":"page","link":"https:\/\/birgits-homemade.de\/index.php\/impressum\/","title":{"rendered":"Impressum"},"content":{"rendered":"<p>Anbieter dieser Internetseite ist:<\/p>\n<p>Birgit Kamp<\/p>\n<p>Am\u00a0Stadtesch 5<\/p>\n<p>48465\u00a0Sch\u00fcttorf<\/p>\n<p>E-Mail: info@birgits-homemade.de<\/p>\n<p>Inhaltlich Verantwortlicher gem\u00e4\u00df \u00a7 55 Abs<a href=\"http:\/\/muster-impressum.de\/vorlagen\/musterimpressum-fuer-einen-kleinunternehmer\/\">.<\/a> 2 RStV: \u00a0Birgit Kamp<\/p>\n<p>Quelle: <a href=\"http:\/\/www.muster-impressum.de\/\">http:\/\/www.muster-impressum.de<\/a><\/p>\n","protected":false},"excerpt":{"rendered":"<p>Anbieter dieser Internetseite ist: Birgit Kamp Am\u00a0Stadtesch 5 48465\u00a0Sch\u00fcttorf E-Mail: info@birgits-homemade.de Inhaltlich Verantwortlicher gem\u00e4\u00df \u00a7 55 Abs. 2 RStV: \u00a0Birgit Kamp Quelle: http:\/\/www.muster-impressum.de<\/p>\n","protected":false},"author":1,"featured_media":0,"parent":0,"menu_order":0,"comment_status":"closed","ping_status":"closed","template":"","meta":{"footnotes":""},"class_list":["post-5","page","type-page","status-publish","hentry"],"_links":{"self":[{"href":"https:\/\/birgits-homemade.de\/index.php\/wp-json\/wp\/v2\/pages\/5","targetHints":{"allow":["GET"]}}],"collection":[{"href":"https:\/\/birgits-homemade.de\/index.php\/wp-json\/wp\/v2\/pages"}],"about":[{"href":"https:\/\/birgits-homemade.de\/index.php\/wp-json\/wp\/v2\/types\/page"}],"author":[{"embeddable":true,"href":"https:\/\/birgits-homemade.de\/index.php\/wp-json\/wp\/v2\/users\/1"}],"replies":[{"embeddable":true,"href":"https:\/\/birgits-homemade.de\/index.php\/wp-json\/wp\/v2\/comments?post=5"}],"version-history":[{"count":3,"href":"https:\/\/birgits-homemade.de\/index.php\/wp-json\/wp\/v2\/pages\/5\/revisions"}],"predecessor-version":[{"id":96,"href":"https:\/\/birgits-homemade.de\/index.php\/wp-json\/wp\/v2\/pages\/5\/revisions\/96"}],"wp:attachment":[{"href":"https:\/\/birgits-homemade.de\/index.php\/wp-json\/wp\/v2\/media?parent=5"}],"curies":[{"name":"wp","href":"https:\/\/api.w.org\/{rel}","templated":true}]}}